40 (base 8) to base 7
2011402
1c520d (base 14) to base 15
1501e6
Convert 1351a23 (base 12) to base 2.
1110101001010101111011
What is -1649059 (base 10) in base 3?
-10002210002021
Convert 33a344 (base 11) to base 14.
101125
What is -26875338 (base 9) in base 10?
-13276826
2571422 (base 8) to base 16
af312
Convert -1177481 (base 10) to base 4.
-10133132021
-5dd4 (base 14) to base 6
-204102
What is -20c4c5 (base 13) in base 12?
-31158b
What is 13204315 (base 6) in base 15?
894ae
What is -1577c3a (base 13) in base 11?
-3993625
What is -100021202200221 (base 3) in base 6?
-253443041
What is 21313111 (base 4) in base 12?
1b471
Convert 12311101 (base 4) to base 16.
6d51
What is 3556115 (base 8) in base 11?
605785
Convert 324322044 (base 6) to base 13.
12863b9
What is 120651 (base 14) in base 2?
10010110010111011111
What is -173845 (base 14) in base 3?
-1112111011100
What is 14315130 (base 6) in base 8?
1701436
-2524232 (base 6) to base 10
-135740
What is 1464212 (base 9) in base 12?
330978
Convert 1035044 (base 8) to base 13.
9912b
12956841 (base 10) to base 16
c5b4a9
Convert -111001100110000110111 (base 2) to base 8.
-7146067
Convert -217a879 (base 12) to base 10.
-6384477
c40869 (base 13) to base 10
4571199
What is -17011336 (base 9) in base 7?
-132224211
What is 533609a (base 11) in base 15?
c58186
Convert a5c (base 15) to base 8.
4441
-12053525 (base 7) to base 4
-10011300023
Convert 11002102221 (base 3) to base 12.
3a714
-3723275 (base 8) to base 10
-1025725
Convert -2106133 (base 7) to base 9.
-426664
Convert -1177567 (base 8) to base 16.
-4ff77
What is -626706 (base 8) in base 12?
-a0686
-355b05 (base 14) to base 16
-1bcaf9
What is 11121211110112 (base 3) in base 8?
11276754
Convert -130212122 (base 4) to base 11.
-80017
-11003220211 (base 4) to base 8
-5035045
-4316044 (base 7) to base 11
-329905
121221111002 (base 3) to base 11
208628
-1110101100010100110010 (base 2) to base 15
-511315
-11122311321 (base 4) to base 2
-101011010110101111001
Convert -41189 (base 10) to base 6.
-514405
-46734 (base 10) to base 12
-23066
What is 582a1e (base 15) in base 10?
4210904
What is 4c8a70 (base 14) in base 7?
31260000
-212201320301 (base 4) to base 5
-10041202043
What is 2408030 (base 10) in base 7?
26316332
35535450 (base 6) to base 11
6a3335
What is -41200501 (base 6) in base 14?
-22ab41
What is a35a3 (base 11) in base 7?
1166405
What is 303230310 (base 5) in base 12?
4b2063
Convert -13204042 (base 7) to base 10.
-1211506
-1010110000001011001 (base 2) to base 14
-92597
-236241 (base 7) to base 15
-cb1c
-31012103 (base 4) to base 7
-312263
Convert 100022210113 (base 4) to base 12.
1504387
What is 552256 (base 8) in base 2?
101101010010101110
1442a8 (base 12) to base 5
41322404
What is -21021010212210 (base 3) in base 9?
-7233783
What is -1120201000 (base 3) in base 5?
-1444011
47268 (base 10) to base 9
71750
208a65 (base 16) to base 14
3d7273
What is -11881c (base 13) in base 16?
-663f7
-34132440 (base 5) to base 12
-126ab1
What is -148161 (base 9) in base 2?
-10110010001111101
What is -1608a1 (base 13) in base 5?
-114403032
Convert -a7881a (base 11) to base 6.
-100544230
What is 2a121 (base 13) in base 7?
450106
What is 33333012 (base 5) in base 12?
1215aa
What is -3132130200 (base 4) in base 11?
-572606
What is 1429322 (base 10) in base 8?
5347512
Convert 3728a4 (base 11) to base 5.
122330014
2765651 (base 9) to base 16
173098
Convert 3617771 (base 11) to base 9.
12771024
What is 733350 (base 10) in base 11?
460a82
-3a245 (base 11) to base 5
-3320044
-402032300 (base 5) to base 4
-12011220232
Convert 11152401 (base 6) to base 13.
bc536
103122321 (base 4) to base 9
131103
Convert 2362623 (base 8) to base 5.
131223340
Convert 111000100011110110 (base 2) to base 16.
388f6
110000100101011001 (base 2) to base 16
30959
13033314 (base 10) to base 14
1a33a70
-61217562 (base 8) to base 9
-26270036
Convert -102434 (base 14) to base 8.
-2046616
-170425 (base 8) to base 4
-33010111
What is -bcd05d (base 14) in base 12?
-219314b
-3992aaa (base 13) to base 15
-18c3942
32204444 (base 5) to base 13
97056
What is -3c9da9 (base 14) in base 15?
-2b7b8c
Convert -11000120022211 (base 3) to base 14.
-3d8aa5
What is -1719574 (base 12) in base 10?
-4764904
What is 1445012 (base 8) in base 16?
64a0a
Convert -1eb6c (base 16) to base 3.
-20101120102
What is 4606632 (base 11) in base 6?
444440453
Convert 652961 (base 10) to base 12.
275a55
Convert -88405 (base 13) to base 11.
-159424
-3343012 (base 5) to base 12
-2a278
What is 13505525 (base 6) in base 14?
bd937
Convert -1000200320 (base 4) to base 12.
-108b08
Convert -a4288 (base 13) to base 15.
-5c568
What is -2331202300 (base 4) in base 8?
-2754260
What is 8216264 (base 9) in base 3?
22020120022011
What is 237656 (base 12) in base 9?
1062773
What is 13665a (base 11) in base 12?
a3847
113705 (base 13) to base 2
1100011100001010001
What is 7d284 (base 14) in base 3?
120111111201
Convert -10000010011011000 (base 2) to base 11.
-46196
535890 (base 11) to base 4
3101031010
Convert -101220012122102 (base 3) to base 13.
-1279aa2
What is -211010022102211 (base 3) in base 15?
-10737d7
10220320001 (base 4) to base 12
4a7855
-10211201200022 (base 3) to base 12
-825652
Convert -341550054 (base 6) to base 10.
-6250642
Convert 26a28 (base 15) to base 8.
361614
Convert 4011566 (base 10) to base 8.
17233056
What is 184a3a9 (base 11) in base 5?
1300213300
412433 (base 7) to base 14
1b9c3
-314192 (base 11) to base 4
-1322320230
Convert b635 (base 13) to base 4.
12022021
-2757062 (base 8) to base 14
-163638
What is 5233424 (base 6) in base 9?
425687
What is 6359 (base 11) in base 16?
20dd
2023004 (base 6) to base 10
96556
What is 20404231 (base 5) in base 14?
459c0
Convert 1104307 (base 8) to base 11.
193295
What is -32ea13 (base 15) in base 6?
-124020513
-3403133 (base 6) to base 10
-171777
What is 1865ab7 (base 12) in base 16?
4dfdeb
What is -223323442 (base 5) in base 12?
-400121
-2682492 (base 10) to base 5
-1141314432
-2154401 (base 6) to base 3
-12111221101
What is 5102 (base 13) in base 6?
123352
What is -454132 (base 8) in base 2?
-100101100001011010
Convert -2bc9c (base 13) to base 11.
-57770
What is -116974 (base 10) in base 12?
-5783a
11043131 (base 5) to base 2
10111100110011010
What is -112001112 (base 3) in base 15?
-3082
What is -4211145 (base 6) in base 16?
-31be9
-380563 (base 9) to base 6
-4533133
What is 8a4ba (base 12) in base 2?
101100111001001110
Convert -32958 (base 10) to base 7.
-165042
1400784 (base 10) to base 6
50005040
32100130323 (base 4) to base 12
1302a23
Convert 35142143 (base 6) to base 15.
166e13
What is -3a82b6 (base 13) in base 9?
-2600457
12224444 (base 5) to base 8
345373
What is -112354 (base 8) in base 9?
-57260
Convert 419570 (base 10) to base 5.
101411240
What is -1222692 (base 10) in base 13?
-33a6b3
Convert -222555 (base 6) to base 8.
-44547
27311 (base 11) to base 2
1001100000111110
28714b (base 12) to base 14
138431
Convert -772b16 (base 12) to base 16.
-1cdec2
664d4 (base 14) to base 16
3c87a
-1101010100100101 (base 2) to base 10
-54565
Convert 2652664 (base 7) to base 6.
11252311
Convert 3236624 (base 7) to base 3.
202010101122
Convert -130223333 (base 4) to base 13.
-41639
57093 (base 13) to base 3
22001011010
What is -1323347 (base 9) in base 3?
-1100210101121
2530552 (base 7) to base 16
4fca2
What is 1311983 (base 11) in base 10?
2271866
14633002 (base 7) to base 9
2567757
Convert -8830520 (base 9) to base 14.
-8b6c30
Convert -1227085 (base 9) to base 12.
-282595
What is 1656356 (base 8) in base 16?
75cee
Convert -5169d (base 16) to base 13.
-b8a26
1315644 (base 8) to base 7
3060333
What is -523f38 (base 16) in base 14?
-a0449a
-4013a09 (base 11) to base 7
-114254325
Convert 24266161 (base 7) to base 4.
20101100230
What is -3153334 (base 7) in base 11?
-2417a6
What is -65294 (base 15) in base 10?
-321214
What is -14325500 (base 8) in base 9?
-6111142
Convert -100001002201 (base 3) to base 14.
-48bc9
Convert -60426466 (base 7) to base 8.
-23104046
-58a4e5 (base 16) to base 3
-101221010222021
What is -133132300 (base 4) in base 16?
-1f7b0
What is 15930a (base 13) in base 15?
a850d
Convert -3416 (base 8) to base 4.
-130032
-2211004 (base 9) to base 13
-327b29
What is -203040132 (base 5) in b